[INFO] cloning repository https://github.com/aji/khet-table
[INFO] running `Command { std: "git" "-c" "credential.helper=" "-c" "credential.helper=/workspace/cargo-home/bin/git-credential-null" "clone" "--bare" "https://github.com/aji/khet-table" "/workspace/cache/git-repos/https%3A%2F%2Fgithub.com%2Faji%2Fkhet-table", kill_on_drop: false }`
[INFO] [stderr] Cloning into bare repository '/workspace/cache/git-repos/https%3A%2F%2Fgithub.com%2Faji%2Fkhet-table'...
[INFO] running `Command { std: "git" "rev-parse" "HEAD", kill_on_drop: false }`
[INFO] [stdout] 903cd3d32da5083c0e1907a7277372bca85ed702
[INFO] checking aji/khet-table against master#9610dfe5a9a731ced1ea4923ecbd0c57fe367898 for beta-170-4
[INFO] running `Command { std: "git" "clone" "/workspace/cache/git-repos/https%3A%2F%2Fgithub.com%2Faji%2Fkhet-table" "/workspace/builds/worker-2-tc1/source", kill_on_drop: false }`
[INFO] [stderr] Cloning into '/workspace/builds/worker-2-tc1/source'...
[INFO] [stderr] done.
[INFO] validating manifest of git repo https://github.com/aji/khet-table on toolchain 9610dfe5a9a731ced1ea4923ecbd0c57fe367898
[INFO] running `Command { std: CARGO_HOME="/workspace/cargo-home" RUSTUP_HOME="/workspace/rustup-home" "/workspace/cargo-home/bin/cargo" "+9610dfe5a9a731ced1ea4923ecbd0c57fe367898" "metadata" "--manifest-path" "Cargo.toml" "--no-deps", kill_on_drop: false }`
[INFO] started tweaking git repo https://github.com/aji/khet-table
[INFO] finished tweaking git repo https://github.com/aji/khet-table
[INFO] tweaked toml for git repo https://github.com/aji/khet-table written to /workspace/builds/worker-2-tc1/source/Cargo.toml
[INFO] crate git repo https://github.com/aji/khet-table already has a lockfile, it will not be regenerated
[INFO] running `Command { std: CARGO_HOME="/workspace/cargo-home" RUSTUP_HOME="/workspace/rustup-home" "/workspace/cargo-home/bin/cargo" "+9610dfe5a9a731ced1ea4923ecbd0c57fe367898" "fetch" "--manifest-path" "Cargo.toml", kill_on_drop: false }`
[INFO] [stderr]     Updating crates.io index
[INFO] [stderr]  Downloading crates ...
[INFO] [stderr]   Downloaded special v0.8.1
[INFO] [stderr]   Downloaded autograd v2.0.0-rc3
[INFO] running `Command { std: "docker" "create" "-v" "/var/lib/crater-agent-workspace/builds/worker-2-tc1/target:/opt/rustwide/target:rw,Z" "-v" "/var/lib/crater-agent-workspace/builds/worker-2-tc1/source:/opt/rustwide/workdir:ro,Z" "-v" "/var/lib/crater-agent-workspace/cargo-home:/opt/rustwide/cargo-home:ro,Z" "-v" "/var/lib/crater-agent-workspace/rustup-home:/opt/rustwide/rustup-home:ro,Z" "-e" "SOURCE_DIR=/opt/rustwide/workdir" "-e" "CARGO_TARGET_DIR=/opt/rustwide/target" "-e" "CARGO_HOME=/opt/rustwide/cargo-home" "-e" "RUSTUP_HOME=/opt/rustwide/rustup-home" "-w" "/opt/rustwide/workdir" "-m" "1610612736" "--user" "0:0" "--network" "none" "ghcr.io/rust-lang/crates-build-env/linux@sha256:19e73879b68f455e41552ea35293514db52ea292d993f571636dbffedb77a1ee" "/opt/rustwide/cargo-home/bin/cargo" "+9610dfe5a9a731ced1ea4923ecbd0c57fe367898" "metadata" "--no-deps" "--format-version=1", kill_on_drop: false }`
[INFO] [stdout] 5b4b2af06b0b4257e3e1a0531aa833fdbf9e16adf03d318f6d1eda87be3e13e0
[INFO] running `Command { std: "docker" "start" "-a" "5b4b2af06b0b4257e3e1a0531aa833fdbf9e16adf03d318f6d1eda87be3e13e0", kill_on_drop: false }`
[INFO] running `Command { std: "docker" "inspect" "5b4b2af06b0b4257e3e1a0531aa833fdbf9e16adf03d318f6d1eda87be3e13e0", kill_on_drop: false }`
[INFO] running `Command { std: "docker" "rm" "-f" "5b4b2af06b0b4257e3e1a0531aa833fdbf9e16adf03d318f6d1eda87be3e13e0", kill_on_drop: false }`
[INFO] [stdout] 5b4b2af06b0b4257e3e1a0531aa833fdbf9e16adf03d318f6d1eda87be3e13e0
[INFO] running `Command { std: "docker" "create" "-v" "/var/lib/crater-agent-workspace/builds/worker-2-tc1/target:/opt/rustwide/target:rw,Z" "-v" "/var/lib/crater-agent-workspace/builds/worker-2-tc1/source:/opt/rustwide/workdir:ro,Z" "-v" "/var/lib/crater-agent-workspace/cargo-home:/opt/rustwide/cargo-home:ro,Z" "-v" "/var/lib/crater-agent-workspace/rustup-home:/opt/rustwide/rustup-home:ro,Z" "-e" "SOURCE_DIR=/opt/rustwide/workdir" "-e" "CARGO_TARGET_DIR=/opt/rustwide/target" "-e" "CARGO_INCREMENTAL=0" "-e" "RUST_BACKTRACE=full" "-e" "RUSTFLAGS=--cap-lints=forbid" "-e" "RUSTDOCFLAGS=--cap-lints=forbid" "-e" "CARGO_HOME=/opt/rustwide/cargo-home" "-e" "RUSTUP_HOME=/opt/rustwide/rustup-home" "-w" "/opt/rustwide/workdir" "-m" "1610612736" "--user" "0:0" "--network" "none" "ghcr.io/rust-lang/crates-build-env/linux@sha256:19e73879b68f455e41552ea35293514db52ea292d993f571636dbffedb77a1ee" "/opt/rustwide/cargo-home/bin/cargo" "+9610dfe5a9a731ced1ea4923ecbd0c57fe367898" "check" "--frozen" "--all" "--all-targets" "--message-format=json", kill_on_drop: false }`
[INFO] [stdout] 01a81eb1320ad6cd079c3b1a4e230f8962c1feaab4a3e77ac79973bf9c069040
[INFO] running `Command { std: "docker" "start" "-a" "01a81eb1320ad6cd079c3b1a4e230f8962c1feaab4a3e77ac79973bf9c069040", kill_on_drop: false }`
[INFO] [stderr]    Compiling libc v0.2.131
[INFO] [stderr]    Compiling libm v0.2.5
[INFO] [stderr]    Compiling num-traits v0.2.15
[INFO] [stderr]    Compiling crossbeam-utils v0.8.11
[INFO] [stderr]    Compiling crossbeam-epoch v0.9.10
[INFO] [stderr]    Compiling num-bigint v0.3.3
[INFO] [stderr]    Compiling unicode-ident v1.0.3
[INFO] [stderr]    Compiling num-iter v0.1.43
[INFO] [stderr]    Compiling num-rational v0.3.2
[INFO] [stderr]    Compiling syn v1.0.99
[INFO] [stderr]    Compiling ndarray v0.14.0
[INFO] [stderr]    Compiling serde_derive v1.0.144
[INFO] [stderr]    Compiling serde_json v1.0.85
[INFO] [stderr]     Checking matrixmultiply v0.2.4
[INFO] [stderr]     Checking either v1.8.0
[INFO] [stderr]     Checking ryu v1.0.11
[INFO] [stderr]    Compiling proc-macro2 v1.0.43
[INFO] [stderr]     Checking bumpalo v3.11.0
[INFO] [stderr]    Compiling quote v1.0.21
[INFO] [stderr]     Checking crossbeam-channel v0.5.6
[INFO] [stderr]     Checking crossbeam-deque v0.8.2
[INFO] [stderr]     Checking getrandom v0.2.7
[INFO] [stderr]     Checking num_cpus v1.13.1
[INFO] [stderr]     Checking special v0.8.1
[INFO] [stderr]     Checking atty v0.2.14
[INFO] [stderr]     Checking env_logger v0.8.4
[INFO] [stderr]     Checking rayon-core v1.9.3
[INFO] [stderr]     Checking rand_core v0.6.3
[INFO] [stderr]     Checking uuid v0.8.2
[INFO] [stderr]     Checking rand_chacha v0.3.1
[INFO] [stderr]     Checking rand_xorshift v0.3.0
[INFO] [stderr]     Checking rand v0.8.5
[INFO] [stderr]     Checking rayon v1.5.3
[INFO] [stderr]     Checking num-integer v0.1.45
[INFO] [stderr]     Checking num-complex v0.3.1
[INFO] [stderr]     Checking approx v0.4.0
[INFO] [stderr]     Checking rand_distr v0.4.3
[INFO] [stderr]     Checking num v0.3.1
[INFO] [stderr]     Checking autograd v2.0.0-rc3
[INFO] [stderr]     Checking khet v0.1.0 (/opt/rustwide/workdir)
[INFO] [stdout] error[E0308]: mismatched types
[INFO] [stdout]    --> src/bb.rs:471:50
[INFO] [stdout]     |
[INFO] [stdout] 471 |                     DIR_N => laser.unchecked_shl(SHL_N as u128) & MASK_BOARD,
[INFO] [stdout]     |                                    ------------- ^^^^^^^^^^^^^ expected `u32`, found `u128`
[INFO] [stdout]     |                                    |
[INFO] [stdout]     |                                    arguments to this method are incorrect
[INFO] [stdout]     |
[INFO] [stdout] note: method defined here
[INFO] [stdout]    --> /rustc/9610dfe5a9a731ced1ea4923ecbd0c57fe367898/library/core/src/num/mod.rs:1198:5
[INFO] [stdout]     = note: this error originates in the macro `uint_impl` (in Nightly builds, run with -Z macro-backtrace for more info)
[INFO] [stdout] help: you can convert a `u128` to a `u32` and panic if the converted value doesn't fit
[INFO] [stdout]     |
[INFO] [stdout] 471 |                     DIR_N => laser.unchecked_shl((SHL_N as u128).try_into().unwrap()) & MASK_BOARD,
[INFO] [stdout]     |                                                  +             +++++++++++++++++++++
[INFO] [stdout] 
[INFO] [stdout] 
[INFO] [stdout] error[E0308]: mismatched types
[INFO] [stdout]    --> src/bb.rs:472:50
[INFO] [stdout]     |
[INFO] [stdout] 472 |                     DIR_E => laser.unchecked_shr(SHR_E as u128) & MASK_BOARD,
[INFO] [stdout]     |                                    ------------- ^^^^^^^^^^^^^ expected `u32`, found `u128`
[INFO] [stdout]     |                                    |
[INFO] [stdout]     |                                    arguments to this method are incorrect
[INFO] [stdout]     |
[INFO] [stdout] note: method defined here
[INFO] [stdout]    --> /rustc/9610dfe5a9a731ced1ea4923ecbd0c57fe367898/library/core/src/num/mod.rs:1198:5
[INFO] [stdout]     = note: this error originates in the macro `uint_impl` (in Nightly builds, run with -Z macro-backtrace for more info)
[INFO] [stdout] help: you can convert a `u128` to a `u32` and panic if the converted value doesn't fit
[INFO] [stdout]     |
[INFO] [stdout] 472 |                     DIR_E => laser.unchecked_shr((SHR_E as u128).try_into().unwrap()) & MASK_BOARD,
[INFO] [stdout]     |                                                  +             +++++++++++++++++++++
[INFO] [stdout] 
[INFO] [stdout] 
[INFO] [stdout] error[E0308]: mismatched types
[INFO] [stdout]    --> src/bb.rs:473:50
[INFO] [stdout]     |
[INFO] [stdout] 473 |                     DIR_S => laser.unchecked_shr(SHR_S as u128) & MASK_BOARD,
[INFO] [stdout]     |                                    ------------- ^^^^^^^^^^^^^ expected `u32`, found `u128`
[INFO] [stdout]     |                                    |
[INFO] [stdout]     |                                    arguments to this method are incorrect
[INFO] [stdout]     |
[INFO] [stdout] note: method defined here
[INFO] [stdout]    --> /rustc/9610dfe5a9a731ced1ea4923ecbd0c57fe367898/library/core/src/num/mod.rs:1198:5
[INFO] [stdout]     = note: this error originates in the macro `uint_impl` (in Nightly builds, run with -Z macro-backtrace for more info)
[INFO] [stdout] help: you can convert a `u128` to a `u32` and panic if the converted value doesn't fit
[INFO] [stdout]     |
[INFO] [stdout] 473 |                     DIR_S => laser.unchecked_shr((SHR_S as u128).try_into().unwrap()) & MASK_BOARD,
[INFO] [stdout]     |                                                  +             +++++++++++++++++++++
[INFO] [stdout] 
[INFO] [stdout] 
[INFO] [stdout] error[E0308]: mismatched types
[INFO] [stdout]    --> src/bb.rs:474:50
[INFO] [stdout]     |
[INFO] [stdout] 474 |                     DIR_W => laser.unchecked_shl(SHL_W as u128) & MASK_BOARD,
[INFO] [stdout]     |                                    ------------- ^^^^^^^^^^^^^ expected `u32`, found `u128`
[INFO] [stdout]     |                                    |
[INFO] [stdout]     |                                    arguments to this method are incorrect
[INFO] [stdout]     |
[INFO] [stdout] note: method defined here
[INFO] [stdout]    --> /rustc/9610dfe5a9a731ced1ea4923ecbd0c57fe367898/library/core/src/num/mod.rs:1198:5
[INFO] [stdout]     = note: this error originates in the macro `uint_impl` (in Nightly builds, run with -Z macro-backtrace for more info)
[INFO] [stdout] help: you can convert a `u128` to a `u32` and panic if the converted value doesn't fit
[INFO] [stdout]     |
[INFO] [stdout] 474 |                     DIR_W => laser.unchecked_shl((SHL_W as u128).try_into().unwrap()) & MASK_BOARD,
[INFO] [stdout]     |                                                  +             +++++++++++++++++++++
[INFO] [stdout] 
[INFO] [stdout] 
[INFO] [stdout] error[E0308]: mismatched types
[INFO] [stdout]    --> src/bb.rs:471:50
[INFO] [stdout]     |
[INFO] [stdout] 471 |                     DIR_N => laser.unchecked_shl(SHL_N as u128) & MASK_BOARD,
[INFO] [stdout]     |                                    ------------- ^^^^^^^^^^^^^ expected `u32`, found `u128`
[INFO] [stdout]     |                                    |
[INFO] [stdout]     |                                    arguments to this method are incorrect
[INFO] [stdout]     |
[INFO] [stdout] note: method defined here
[INFO] [stdout]    --> /rustc/9610dfe5a9a731ced1ea4923ecbd0c57fe367898/library/core/src/num/mod.rs:1198:5
[INFO] [stdout]     = note: this error originates in the macro `uint_impl` (in Nightly builds, run with -Z macro-backtrace for more info)
[INFO] [stdout] help: you can convert a `u128` to a `u32` and panic if the converted value doesn't fit
[INFO] [stdout]     |
[INFO] [stdout] 471 |                     DIR_N => laser.unchecked_shl((SHL_N as u128).try_into().unwrap()) & MASK_BOARD,
[INFO] [stdout]     |                                                  +             +++++++++++++++++++++
[INFO] [stdout] 
[INFO] [stdout] 
[INFO] [stdout] error[E0308]: mismatched types
[INFO] [stdout]    --> src/bb.rs:472:50
[INFO] [stdout]     |
[INFO] [stdout] 472 |                     DIR_E => laser.unchecked_shr(SHR_E as u128) & MASK_BOARD,
[INFO] [stdout]     |                                    ------------- ^^^^^^^^^^^^^ expected `u32`, found `u128`
[INFO] [stdout]     |                                    |
[INFO] [stdout]     |                                    arguments to this method are incorrect
[INFO] [stdout]     |
[INFO] [stdout] note: method defined here
[INFO] [stdout]    --> /rustc/9610dfe5a9a731ced1ea4923ecbd0c57fe367898/library/core/src/num/mod.rs:1198:5
[INFO] [stdout]     = note: this error originates in the macro `uint_impl` (in Nightly builds, run with -Z macro-backtrace for more info)
[INFO] [stdout] help: you can convert a `u128` to a `u32` and panic if the converted value doesn't fit
[INFO] [stdout]     |
[INFO] [stdout] 472 |                     DIR_E => laser.unchecked_shr((SHR_E as u128).try_into().unwrap()) & MASK_BOARD,
[INFO] [stdout]     |                                                  +             +++++++++++++++++++++
[INFO] [stdout] 
[INFO] [stdout] 
[INFO] [stdout] error[E0308]: mismatched types
[INFO] [stdout]    --> src/bb.rs:473:50
[INFO] [stdout]     |
[INFO] [stdout] 473 |                     DIR_S => laser.unchecked_shr(SHR_S as u128) & MASK_BOARD,
[INFO] [stdout]     |                                    ------------- ^^^^^^^^^^^^^ expected `u32`, found `u128`
[INFO] [stdout]     |                                    |
[INFO] [stdout]     |                                    arguments to this method are incorrect
[INFO] [stdout]     |
[INFO] [stdout] note: method defined here
[INFO] [stdout]    --> /rustc/9610dfe5a9a731ced1ea4923ecbd0c57fe367898/library/core/src/num/mod.rs:1198:5
[INFO] [stdout]     = note: this error originates in the macro `uint_impl` (in Nightly builds, run with -Z macro-backtrace for more info)
[INFO] [stdout] help: you can convert a `u128` to a `u32` and panic if the converted value doesn't fit
[INFO] [stdout]     |
[INFO] [stdout] 473 |                     DIR_S => laser.unchecked_shr((SHR_S as u128).try_into().unwrap()) & MASK_BOARD,
[INFO] [stdout]     |                                                  +             +++++++++++++++++++++
[INFO] [stdout] 
[INFO] [stdout] 
[INFO] [stdout] error[E0308]: mismatched types
[INFO] [stdout]    --> src/bb.rs:474:50
[INFO] [stdout]     |
[INFO] [stdout] 474 |                     DIR_W => laser.unchecked_shl(SHL_W as u128) & MASK_BOARD,
[INFO] [stdout]     |                                    ------------- ^^^^^^^^^^^^^ expected `u32`, found `u128`
[INFO] [stdout]     |                                    |
[INFO] [stdout]     |                                    arguments to this method are incorrect
[INFO] [stdout]     |
[INFO] [stdout] note: method defined here
[INFO] [stdout]    --> /rustc/9610dfe5a9a731ced1ea4923ecbd0c57fe367898/library/core/src/num/mod.rs:1198:5
[INFO] [stdout]     = note: this error originates in the macro `uint_impl` (in Nightly builds, run with -Z macro-backtrace for more info)
[INFO] [stdout] help: you can convert a `u128` to a `u32` and panic if the converted value doesn't fit
[INFO] [stdout]     |
[INFO] [stdout] 474 |                     DIR_W => laser.unchecked_shl((SHL_W as u128).try_into().unwrap()) & MASK_BOARD,
[INFO] [stdout]     |                                                  +             +++++++++++++++++++++
[INFO] [stdout] 
[INFO] [stdout] 
[INFO] [stdout] error: aborting due to 4 previous errors
[INFO] [stdout] 
[INFO] [stdout] 
[INFO] [stdout] For more information about this error, try `rustc --explain E0308`.
[INFO] [stdout] 
[INFO] [stderr] error: could not compile `khet` (lib test) due to 5 previous errors
[INFO] [stderr] warning: build failed, waiting for other jobs to finish...
[INFO] [stdout] error: aborting due to 4 previous errors
[INFO] [stdout] 
[INFO] [stdout] 
[INFO] [stdout] For more information about this error, try `rustc --explain E0308`.
[INFO] [stdout] 
[INFO] [stderr] error: could not compile `khet` (lib) due to 5 previous errors
[INFO] running `Command { std: "docker" "inspect" "01a81eb1320ad6cd079c3b1a4e230f8962c1feaab4a3e77ac79973bf9c069040", kill_on_drop: false }`
[INFO] running `Command { std: "docker" "rm" "-f" "01a81eb1320ad6cd079c3b1a4e230f8962c1feaab4a3e77ac79973bf9c069040", kill_on_drop: false }`
[INFO] [stdout] 01a81eb1320ad6cd079c3b1a4e230f8962c1feaab4a3e77ac79973bf9c069040
